 521 is divided by 259?
3
Calculate the remainder when 8977 is divided by 67.
66
What is the remainder when 487 is divided by 15?
7
What is the remainder when 158 is divided by 28?
18
What is the remainder when 1089 is divided by 533?
23
What is the remainder when 1530 is divided by 389?
363
What is the remainder when 147 is divided by 59?
29
Calculate the remainder when 1445 is divided by 9.
5
What is the remainder when 190 is divided by 93?
4
Calculate the remainder when 190 is divided by 178.
12
Calculate the remainder when 3820 is divided by 30.
10
Calculate the remainder when 409 is divided by 4.
1
What is the remainder when 309 is divided by 10?
9
Calculate the remainder when 5738 is divided by 9.
5
What is the remainder when 3087 is divided by 193?
192
Calculate the remainder when 2010 is divided by 402.
0
What is the remainder when 445 is divided by 263?
182
Calculate the remainder when 112 is divided by 104.
8
Calculate the remainder when 370 is divided by 107.
49
Calculate the remainder when 126 is divided by 12.
6
Calculate the remainder when 3891 is divided by 14.
13
Calculate the remainder when 235 is divided by 24.
19
Calculate the remainder when 418 is divided by 14.
12
Calculate the remainder when 387 is divided by 98.
93
Calculate the remainder when 5069 is divided by 38.
15
Calculate the remainder when 171 is divided by 10.
1
What is the remainder when 1091 is divided by 445?
201
What is the remainder when 252 is divided by 17?
14
Calculate the remainder when 8989 is divided by 31.
30
What is the remainder when 124 is divided by 32?
28
What is the remainder when 286 is divided by 59?
50
What is the remainder when 385 is divided by 14?
7
Calculate the remainder when 28 is divided by 17.
11
Calculate the remainder when 261 is divided by 38.
33
Calculate the remainder when 1128 is divided by 375.
3
What is the remainder when 3028 is divided by 95?
83
What is the remainder when 275 is divided by 46?
45
Calculate the remainder when 22 is divided by 7.
1
Calculate the remainder when 31 is divided by 24.
7
Calculate the remainder when 401 is divided by 13.
11
Calculate the remainder when 1258 is divided by 97.
94
Calculate the remainder when 391 is divided by 118.
37
Calculate the remainder when 12655 is divided by 60.
55
What is the remainder when 201 is divided by 29?
27
Calculate the remainder when 6017 is divided by 111.
23
What is the remainder when 4942 is divided by 51?
46
What is the remainder when 287 is divided by 258?
29
What is the remainder when 79 is divided by 27?
25
What is the remainder when 2514 is divided by 1253?
8
Calculate the remainder when 797 is divided by 133.
132
What is the remainder when 246 is divided by 43?
31
What is the remainder when 659 is divided by 58?
21
Calculate the remainder when 9688 is divided by 323.
321
Calculate the remainder when 334 is divided by 52.
22
Calculate the remainder when 940 is divided by 62.
10
Calculate the remainder when 811 is divided by 163.
159
Calculate the remainder when 741 is divided by 116.
45
Calculate the remainder when 180 is divided by 23.
19
What is the remainder when 1278 is divided by 57?
24
What is the remainder when 142 is divided by 48?
46
Calculate the remainder when 55 is divided by 39.
16
Calculate the remainder when 208 is divided by 56.
40
Calculate the remainder when 457 is divided by 158.
141
Calculate the remainder when 6118 is divided by 102.
100
Calculate the remainder when 1760 is divided by 875.
10
What is the remainder when 18934 is divided by 35?
34
Calculate the remainder when 6048 is divided by 23.
22
What is the remainder when 32 is divided by 4?
0
What is the remainder when 61 is divided by 25?
11
What is the remainder when 195 is divided by 70?
55
What is the remainder when 538 is divided by 10?
8
What is the remainder when 806 is divided by 74?
66
Calculate the remainder when 465 is divided by 64.
17
Calculate the remainder when 684 is divided by 214.
42
What is the remainder when 21 is divided by 13?
8
Calculate the remainder when 11847 is divided by 30.
27
Calculate the remainder when 844 is divided by 6.
4
Calculate the remainder when 810 is divided by 16.
10
Calculate the remainder when 252 is divided by 117.
18
What is the remainder when 135 is divided by 46?
43
What is the remainder when 344 is divided by 89?
77
What is the remainder when 609 is divided by 44?
37
What is the remainder when 393 is divided by 138?
117
What is the remainder when 2439 is divided by 40?
39
What is the remainder when 223 is divided by 25?
23
Calculate the remainder when 212 is divided by 52.
4
Calculate the remainder when 258 is divided by 50.
8
What is the remainder when 517 is divided by 78?
49
Calculate the remainder when 498 is divided by 376.
122
Calculate the remainder when 407 is divided by 136.
135
Calculate the remainder when 712 is divided by 136.
32
What is the remainder when 167 is divided by 13?
11
Calculate the remainder when 662 is divided by 36.
14
Calculate the remainder when 3773 is divided by 108.
101
Calculate the remainder when 390 is divided by 143.
104
What is the remainder when 1075 is divided by 155?
145
Calculate the remainder when 444 is divided by 64.
60
Calculate the remainder when 1012 is divided by 144.
4
Calculate the remainder when 28 is divided by 19.
9
Calculate the remainder when 928 is divided by 155.
153
Calculate the remainder when 15560 is divided by 13.
12
What is the remainder when 1184 is divided by 15?
14
What is the remainder when 829 is divided by 59?
3
Calculate the remainder when 99 is divided by 11.
0
What is the remainder when 82 is divided by 3?
1
What is the remainder when 524 is divided by 17?
14
What is the remainder when 212 is divided by 71?
70
What is the remainder when 560 is divided by 11?
10
What is the remainder when 2966 is divided by 988?
2
Calculate the remainder when 72 is divided by 61.
11
What is the remainder when 687 is divided by 63?
57
What is the remainder when 1854 is divided by 1845?
9
What is the remainder when 420 is divided by 9?
6
What is the remainder when 72 is divided by 28?
16
Calculate the remainder when 307 is divided by 28.
27
Calculate the remainder when 2245 is divided by 247.
22
What is the remainder when 134 is divided by 29?
18
What is the remainder when 2583 is divided by 287?
0
Calculate the remainder when 6045 is divided by 144.
141
Calculate the remainder when 459 is divided by 61.
32
Calculate the remainder when 4877 is divided by 122.
119
Calculate the remainder when 1271 is divided by 1261.
10
What is the remainder when 3568 is divided by 42?
40
What is the remainder when 671 is divided by 21?
20
Calculate the remainder when 322 is divided by 41.
35
Calculate the remainder when 365 is divided by 23.
20
Calculate the remainder when 391 is divided by 66.
61
What is the remainder when 269 is divided by 98?
73
Calculate the remainder when 2333 is divided by 258.
11
What is the remainder when 15 is divided by 11?
4
Calculate the remainder when 372 is divided by 27.
21
Calculate the remainder when 3716 is divided by 309.
8
What is the remainder when 399 is divided by 27?
21
Calculate the remainder when 3567 is divided by 35.
32
Calculate the remainder when 53 is divided by 7.
4
Calculate the remainder when 3921 is divided by 13.
8
Calculate the remainder when 863 is divided by 79.
73
What is the remainder when 1475 is divided by 18?
17
What is the remainder when 1523 is divided by 254?
253
Calculate the remainder when 119 is divided by 66.
53
Calculate the remainder when 7294 is divided by 76.
74
What is the remainder when 41 is divided by 22?
19
Calculate the remainder when 741 is divided by 344.
53
Calculate the remainder when 804 is divided by 7.
6
Calculate the remainder when 1120 is divided by 160.
0
Calculate the remainder when 594 is divided by 148.
2
What is the remainder when 196 is divided by 78?
40
Calculate the remainder when 443 is divided by 116.
95
What is the remainder when 767 is divided by 78?
65
Calculate the remainder when 69 is divided by 16.
5
Calculate the remainder when 80 is divided by 4.
0
What is the remainder when 2738 is divided by 681?
14
What is the remainder when 544 is divided by 1?
0
Calculate the remainder when 92 is divid